f) = -8*f - f - 6*f + 5. Let q be m(z). Calculate the highest common divisor of 32 and q.
16
Let u be (12/10)/((-2)/90). Let v = 80 + u. Calculate the highest common divisor of v and 13.
13
Suppose 160 = 8*k - 3*k. Let w be (-2)/10 + k/10. Suppose -2*z = 2*f + 2*z - 108, w*f = -5*z + 159. Calculate the highest common divisor of f and 6.
6
Let c be (-4 + 2)*11/(-2). Suppose -g + 16 = -p, 0 = -4*p + 3 - c. What is the highest common factor of g and 42?
14
Let r(w) = 8 - 4*w**2 + 10*w**2 - 9 - 6*w + 13. Let y be r(5). What is the greatest common factor of 12 and y?
12
Let z(h) = -39*h + 1. Let t be z(1). Let s = 15 + -32. Let w = s - t. Calculate the highest common divisor of w and 14.
7
Suppose 3*z + 4*z - 189 = 0. What is the greatest common divisor of z and 18?
9
Let x be ((-80)/(-3))/((-4)/(-12)). Calculate the highest common factor of 20 and x.
20
Suppose 0*i = -i + 12. Suppose 0*q - 3*q + i = 0. Suppose -q*l = -73 + 9. What is the greatest common factor of 2 and l?
2
Let w(j) = j**3 - 4*j**2 + j + 4. Let b be w(4). Let m(g) = 2*g - 1. Let u be m(b). What is the greatest common factor of u and 165?
15
Suppose o + o = -8. Let r be 129/2 - (-2)/o. What is the greatest common divisor of r and 8?
8
Let x(g) = 10*g**2 + g - 2. Let s be x(2). What is the highest common factor of 20 and s?
20
Let b = 217 - 130. Suppose p = -2*p - b. Let j = p + 65. Calculate the highest common factor of j and 9.
9
Suppose -2*g + 476 = 5*g. What is the highest common divisor of 17 and g?
17
Let i = -23 - -26. What is the greatest common factor of i and 1?
1
Let z(s) = -s + 4. Let d be z(-6). Suppose 5*i + 0*i = d. Let o be (8/12)/(i/9). Calculate the highest common divisor of 3 and o.
3
Suppose -5*r + 7*r - 16 = 0. Let w be 6/21 - (-614)/7. Calculate the greatest common divisor of w and r.
8
Let a = 175 - 165. Calculate the greatest common divisor of a and 80.
10
Let h(x) = 22*x**2 - 2*x + 3. Let d be h(2). Suppose -d = -4*j - 19. Calculate the highest common factor of j and 34.
17
Let r(j) = -j + 2. Let u be r(-2). Let v = 41 + u. What is the greatest common divisor of v and 30?
15
Suppose 5*z - 5*w = 35, 2 = z + 2*w + 2*w. Calculate the greatest common factor of z and 6.
6
Let b be (5 + -3)*(-44)/(-8). What is the highest common factor of b and 44?
11
Suppose 1260 = 7*g - 378. What is the greatest common divisor of 26 and g?
26
Let i(y) be the second derivative of y**4/12 - 5*y**3/6 - 2*y. Let r be i(5). Let f be 30/(-25)*(-20 + r). What is the greatest common divisor of f and 3?
3
Let v = 3 + -1. Suppose -j + 33 - v = 0. What is the greatest common divisor of 62 and j?
31
Let m(q) = q**3 - 5*q**2 + 2*q - 6. Let o be m(5). Calculate the greatest common factor of o and 44.
4
Let x be 20/6*6/5. Suppose 3*u - 2*c = 50, 3*u - 2*c + c - 49 = 0. Calculate the greatest common divisor of u and x.
4
Let q = 2 - -2. Suppose -q*i + 93 = -67. Calculate the greatest common divisor of 8 and i.
8
Suppose -4*u + 3*u - 1 = 0. Let f be (-19 + u)*(3 + -7). Let b = f + -47. What is the highest common divisor of b and 3?
3
Let t = -55 - -671. Suppose -t = -11*o + 3*o. Let y(j) = -12*j**3 - j**2 - j - 1. Let x be y(-1). Calculate the greatest common divisor of x and o.
11
Suppose -4*s - s + 16 = 2*a, 4*s = -16. Suppose -3*p + 54 = -0*p. What is the greatest common divisor of p and a?
18
Let n be (-22 + -2)/((-3)/12). Calculate the greatest common divisor of n and 12.
12
Suppose -1 + 3 = s, -5*a + 129 = -3*s. Calculate the greatest common divisor of 9 and a.
9
Let c = 509 - 257. What is the greatest common divisor of c and 28?
28
Suppose -4*s = 29 - 85. What is the highest common divisor of 154 and s?
14
Let d = -12 + 50. Let h be 1*57/(-6)*-10. What is the greatest common factor of d and h?
19
Let a = 0 - -20. Let r(y) = -1 + 45*y**2 + 0 + 4*y**2 - 2*y. Let m be r(-1). What is the highest common factor of m and a?
10
Let s be 2*43 + -5 + 9. Calculate the greatest common factor of 9 and s.
9
Suppose 2*p - 17 = 11. What is the highest common factor of p and 14?
14
Suppose 4*t - 3510 = -6*t. Calculate the highest common factor of 39 and t.
39
Let q be 2*3/(-2) - -75. Let r = 2 - 5. Let t be (-53)/r + 1/3. What is the highest common factor of t and q?
18
Suppose -171 - 29 = -5*y - 5*d, -2*y = -d - 65. Calculate the greatest common factor of y and 7.
7
Let g = -127 - -130. Let n be (1 + 6)*4 - 1. Calculate the greatest common divisor of g and n.
3
Let d be ((-6)/5)/((-6)/105). Suppose -4*f + 36 = 4*g, -f - 9 = -2*g + d. What is the highest common factor of 91 and g?
13
Let i be (-58)/18 + (-2)/(-9). Let y = 10 + i. Calculate the greatest common divisor of 1 and y.
1
Suppose 3*r - 126 = 6*i - 4*i, -4*i = -2*r + 92. Calculate the greatest common divisor of r and 60.
20
Let g = 26 + -23. Suppose g*n - 153 = -5*t + 54, 0 = -4*n - 4. Calculate the greatest common divisor of t and 6.
6
Suppose -g + 200 = 4*g. What is the highest common factor of g and 60?
20
Let v be -72*((-10)/(-4) + -3). Let n = -24 + v. What is the highest common divisor of n and 84?
12
Let l(c) = -c**2 - 18*c - 19. Let a be l(-16). What is the highest common factor of a and 104?
13
Let l be (27 - 17)*(2 - (-2)/(-2)). Calculate the highest common divisor of 30 and l.
10
Suppose -5*y = 4*a - 73, a = -3*a + y + 43. Let o be 12/18 + 264/9. What is the greatest common divisor of a and o?
6
Let b be (-87)/(-8 - -4 - -1). Calculate the highest common factor of b and 319.
29
Let p(n) = -7*n + 4. Let u be p(-3). Calculate the highest common divisor of u and 10.
5
Let l be 6/((2 - 1) + 1). Suppose -l*r = -3*f + 150, 2*r - 156 = -3*f - r. What is the greatest common factor of f and 17?
17
Let z(g) = -g**2 - 5*g - 3. Let d be z(-3). Suppose s = 5*j + 41, 4*s - 81 = d*j + 15. Calculate the highest common divisor of 3 and s.
3
Let b be (0 - -1)/1 - 1. Let w(h) = h**3 - 2*h. Let d be w(2). Suppose -4*r = 3*u - 96, -d*r - u = -b*u - 104. What is the highest common divisor of r and 3?
3
Let i be (12/(-4))/(6/(-76)). What is the highest common factor of 190 and i?
38
Let d be 612/14 + (-32)/(-112). Calculate the highest common factor of d and 11.
11
Let b(u) = -45*u + 5. Let t be b(-1). Calculate the highest common factor of t and 125.
25
Let b(c) = 30*c. Suppose 30 = 3*k + 2*k. Let h be b(k). Suppose a = 3*a - 36. Calculate the highest common factor of h and a.
18
Let f(w) = 4*w + 68. Let x be f(0). Calculate the highest common divisor of 17 and x.
17
Suppose -84 = -2*s + 76. What is the highest common factor of s and 16?
16
Suppose 0*t + t = 61. Let c be (-1)/2*(-1 + 1). Suppose c = r - 60 - t. Calculate the greatest common divisor of 11 and r.
11
Suppose 0*z = -4*z - 484. Let s = z - -77. Let y = 76 + s. What is the greatest common factor of 16 and y?
16
Let i = 28 - 16. Let g be i/(-18) + (-58)/(-6). Let t be ((-6)/4)/(2/(-4)). What is the highest common factor of g and t?
3
Suppose -5*j + 44 = 4. Let q = 1 + 1. What is the greatest common factor of j and q?
2
Let j(x) be the first derivative of 7*x**2/2 + 10*x + 2. Let h be j(7). Let t = h + -42. Calculate the highest common factor of t and 153.
17
Let f(n) = n**3 + 4*n**2 + n + 4. Let w be f(-4). Suppose 0 = -3*h - w*h. Suppose -2*a + h*a + 38 = 0. What is the highest common divisor of 95 and a?
19
Suppose 382 = -5*h + 1562. Suppose 4*g - 72 - h = 0. What is the greatest common divisor of g and 11?
11
Suppose -3*p - 4*s = p - 16, -4*s = -4*p + 8. Calculate the greatest common factor of 15 and p.
3
Suppose 73 = 5*q - 67. Calculate the highest common divisor of 196 and q.
28
Suppose 1 - 77 = 4*t. Let d = -7 - t. Calculate the highest common divisor of 60 and d.
12
Let w = -4 + 1. Let r be (-2)/((6/10)/w). What is the highest common factor of 80 and r?
10
Let g(w) = w**2 + 5*w - 10. Let s be g(-7). Suppose -2*m - o = -1, s + 0 = -3*m + 4*o. Suppose -54 = -3*p - m. What is the highest common factor of 72 and p?
18
Let c = 34 + -12. Calculate the greatest common factor of c and 121.
11
Let x(z) = 2*z**2 - z - 1. Let s be (3 - 1)*(-1)/2. Let u be x(s). Calculate the greatest common divisor of u and 5.
1
Suppose -53 = -4*r + 47. Let y be 10/45 - r/(-9). Suppose -4*g = 2*l - 20, 4*l - 17 = -4*g + 27. Calculate the highest common divisor of l and y.
3
Let x be 1/(158/(-80) - -2). Let a be 12